{"id":6030,"date":"2025-10-15T15:36:14","date_gmt":"2025-10-15T18:36:14","guid":{"rendered":"https:\/\/www.imperiodascorreias.com.br\/?post_type=product&#038;p=6030"},"modified":"2025-10-15T15:53:19","modified_gmt":"2025-10-15T18:53:19","slug":"correias-kraftband-5v-para-fresadora-de-asfalto","status":"publish","type":"product","link":"https:\/\/www.imperiodascorreias.com.br\/?product=correias-kraftband-5v-para-fresadora-de-asfalto","title":{"rendered":"Correias KraftBand 5V para Fresadora de Asfalto"},"content":{"rendered":"<h3 data-start=\"2660\" data-end=\"2711\">Correia para Fresadora de Asfalto (ou fresadora de pavimento)<\/h3>\n<p>\u00c9 uma m\u00e1quina usada para remover (fresar) camadas de asfalto ou concreto de superf\u00edcies pavimentadas (rodovias, estacionamentos, pistas, vias urbanas), geralmente para preparar para recapeamento ou reparo.<\/p>\n<p>Correias industriais \u201cKraftBand\u201d \u00e9 uma linha de correias no perfil <strong data-start=\"203\" data-end=\"219\">em V \/ cunha<\/strong> fabricadas pela Optibelt e distribu\u00edda por Imp\u00e9rio das Correias.<\/p>\n<p>O \u201c5V\u201d refere-se ao perfil da correia: geralmente \u201c5V\u201d indica que h\u00e1 5 \u201cribs\u201d ou \u201ccanais\u201d (ou seja, um tipo de correia em V multi-ranhura) ou que a largura\/altura seguem o padr\u00e3o para o perfil 5V. Essas correias s\u00e3o projetadas para transmiss\u00e3o de pot\u00eancia entre eixos \u2014 por exemplo, entre um motor e um componente acionado, como bombas, ventiladores, compressores, m\u00e1quinas, etc.<\/p>\n<h3 data-start=\"780\" data-end=\"822\">Principais caracter\u00edsticas e vantagens<\/h3>\n<ul>\n<li style=\"list-style-type: none;\">\n<ul data-start=\"824\" data-end=\"1631\">\n<li data-start=\"824\" data-end=\"969\">\n<p data-start=\"826\" data-end=\"969\">Boa flexibilidade longitudinal (para seguir curvas ou pequenas varia\u00e7\u00f5es) e rigidez lateral \u2014 ou seja, mant\u00e9m bem o alinhamento entre polias.<\/p>\n<\/li>\n<li data-start=\"970\" data-end=\"1016\">\n<p data-start=\"972\" data-end=\"1016\">Opera\u00e7\u00e3o relativamente silenciosa e suave.<\/p>\n<\/li>\n<li data-start=\"1017\" data-end=\"1129\">\n<p data-start=\"1019\" data-end=\"1129\">Resist\u00eancia a varia\u00e7\u00f5es de temperatura, poeira e condi\u00e7\u00f5es industriais (dependendo da qualidade da correia).<\/p>\n<\/li>\n<li data-start=\"1130\" data-end=\"1174\">\n<p data-start=\"1132\" data-end=\"1174\">Facilidade de troca\/manuten\u00e7\u00e3o moderada.<\/p>\n<\/li>\n<li data-start=\"1175\" data-end=\"1347\">\n<p data-start=\"1177\" data-end=\"1347\">Em cat\u00e1logos, a correia <strong data-start=\"1201\" data-end=\"1236\">Optibelt Kraftband 3\/5V KB 1000, Optibelt Kraftband 3\/5V KB 1020, Optibelt Kraftband 3\/5V KB 1250, Optibelt Kraftband 5\/5V KB 1130, Optibelt Kraftband 5\/5V KB 1650, Optibelt Kraftband 6\/5V KB 1250.<\/strong><\/p>\n<\/li>\n<\/ul>\n<\/li>\n<\/ul>\n","protected":false},"excerpt":{"rendered":"<p>Correia para Fresadora de Asfalto (ou fresadora de pavimento) \u00c9 uma m\u00e1quina usada para remover (fresar) camadas de asfalto ou concreto de superf\u00edcies pavimentadas (rodovias, estacionamentos, pistas, vias urbanas), geralmente para preparar para recapeamento ou reparo. Correias industriais \u201cKraftBand\u201d \u00e9 uma linha de correias no perfil em V \/ cunha fabricadas pela Optibelt e distribu\u00edda&#8230;<\/p>\n","protected":false},"featured_media":6028,"template":"","meta":{"_monsterinsights_skip_tracking":false,"_monsterinsights_sitenote_active":false,"_monsterinsights_sitenote_note":"","_monsterinsights_sitenote_category":0},"product_cat":[50],"product_tag":[],"class_list":{"0":"post-6030","1":"product","2":"type-product","3":"status-publish","4":"has-post-thumbnail","6":"product_cat-correias-especiais","8":"first","9":"instock","10":"shipping-taxable","11":"product-type-simple"},"aioseo_notices":[],"_links":{"self":[{"href":"https:\/\/www.imperiodascorreias.com.br\/index.php?rest_route=\/wp\/v2\/product\/6030","targetHints":{"allow":["GET"]}}],"collection":[{"href":"https:\/\/www.imperiodascorreias.com.br\/index.php?rest_route=\/wp\/v2\/product"}],"about":[{"href":"https:\/\/www.imperiodascorreias.com.br\/index.php?rest_route=\/wp\/v2\/types\/product"}],"wp:featuredmedia":[{"embeddable":true,"href":"https:\/\/www.imperiodascorreias.com.br\/index.php?rest_route=\/wp\/v2\/media\/6028"}],"wp:attachment":[{"href":"https:\/\/www.imperiodascorreias.com.br\/index.php?rest_route=%2Fwp%2Fv2%2Fmedia&parent=6030"}],"wp:term":[{"taxonomy":"product_cat","embeddable":true,"href":"https:\/\/www.imperiodascorreias.com.br\/index.php?rest_route=%2Fwp%2Fv2%2Fproduct_cat&post=6030"},{"taxonomy":"product_tag","embeddable":true,"href":"https:\/\/www.imperiodascorreias.com.br\/index.php?rest_route=%2Fwp%2Fv2%2Fproduct_tag&post=6030"}],"curies":[{"name":"wp","href":"https:\/\/api.w.org\/{rel}","templated":true}]}}