{"id":5140,"date":"2024-12-03T23:07:58","date_gmt":"2024-12-04T02:07:58","guid":{"rendered":"https:\/\/www.imperiodascorreias.com.br\/?post_type=product&#038;p=5140"},"modified":"2024-12-03T23:12:19","modified_gmt":"2024-12-04T02:12:19","slug":"correias-sincronizadoras-omega-hl-8m-e-14m","status":"publish","type":"product","link":"https:\/\/www.imperiodascorreias.com.br\/?product=correias-sincronizadoras-omega-hl-8m-e-14m","title":{"rendered":"Correias Sincronizadoras OMEGA HL 8M e 14M"},"content":{"rendered":"<p>Correias de desempenho extremamente elevado, projetada para suportar cargas excessivas em uma ampla faixa de velocidades.<br \/>\n\u2022 M\u00e1ximo Rendimento: Cordon\u00e9is com di\u00e2metros maiores em fibra de vidro,<br \/>\nproporcionam maior resist\u00eancia e for\u00e7a de tra\u00e7\u00e3o.<br \/>\n\u2022 Baixo Ru\u00eddo: O design dos dentes da correia OMEGA e o tecido de revestimento colaboram para uma opera\u00e7\u00e3o mais silenciosa.<br \/>\n\u2022 Durabilidade: O tecido de revestimento de poliamida aumenta a resist\u00eancia ao desgaste.<br \/>\n\u2022 Resist\u00eancia: Fibras de aramida s\u00e3o misturadas no composto de borracha para uma estrutura dentada com elevada resist\u00eancia a ruptura.<br \/>\n\u2022 Versatilidade: Pode ser utilizada em polias HTD\u00ae E RPP\u00ae.<br \/>\n\u2022 Funcionamento Confi\u00e1vel: Cordon\u00e9is enrolados em sentidos contr\u00e1rios garantem que a correia n\u00e3o possua a tend\u00eancia a se deformar quando submetida a funcionamentos intensos.<br \/>\n\u2022 Faixa de Temperatura: De -30 at\u00e9 100\u00b0C.<br \/>\n\u2022 Anti-est\u00e1tica: Atende as especifica\u00e7\u00f5es da ISO 9563 por ser anti-est\u00e1tica.<br \/>\nPERFIS: 8M e 14M.<\/p>\n","protected":false},"excerpt":{"rendered":"<p>Correias de desempenho extremamente elevado, projetada para suportar cargas excessivas em uma ampla faixa de velocidades. \u2022 M\u00e1ximo Rendimento: Cordon\u00e9is com di\u00e2metros maiores em fibra de vidro, proporcionam maior resist\u00eancia e for\u00e7a de tra\u00e7\u00e3o. \u2022 Baixo Ru\u00eddo: O design dos dentes da correia OMEGA e o tecido de revestimento colaboram para uma opera\u00e7\u00e3o mais silenciosa&#8230;.<\/p>\n","protected":false},"featured_media":5141,"template":"","meta":{"_monsterinsights_skip_tracking":false,"_monsterinsights_sitenote_active":false,"_monsterinsights_sitenote_note":"","_monsterinsights_sitenote_category":0},"product_cat":[47],"product_tag":[],"class_list":{"0":"post-5140","1":"product","2":"type-product","3":"status-publish","4":"has-post-thumbnail","6":"product_cat-correias-sincronizadoras","8":"first","9":"instock","10":"shipping-taxable","11":"product-type-simple"},"aioseo_notices":[],"_links":{"self":[{"href":"https:\/\/www.imperiodascorreias.com.br\/index.php?rest_route=\/wp\/v2\/product\/5140","targetHints":{"allow":["GET"]}}],"collection":[{"href":"https:\/\/www.imperiodascorreias.com.br\/index.php?rest_route=\/wp\/v2\/product"}],"about":[{"href":"https:\/\/www.imperiodascorreias.com.br\/index.php?rest_route=\/wp\/v2\/types\/product"}],"wp:featuredmedia":[{"embeddable":true,"href":"https:\/\/www.imperiodascorreias.com.br\/index.php?rest_route=\/wp\/v2\/media\/5141"}],"wp:attachment":[{"href":"https:\/\/www.imperiodascorreias.com.br\/index.php?rest_route=%2Fwp%2Fv2%2Fmedia&parent=5140"}],"wp:term":[{"taxonomy":"product_cat","embeddable":true,"href":"https:\/\/www.imperiodascorreias.com.br\/index.php?rest_route=%2Fwp%2Fv2%2Fproduct_cat&post=5140"},{"taxonomy":"product_tag","embeddable":true,"href":"https:\/\/www.imperiodascorreias.com.br\/index.php?rest_route=%2Fwp%2Fv2%2Fproduct_tag&post=5140"}],"curies":[{"name":"wp","href":"https:\/\/api.w.org\/{rel}","templated":true}]}}